inder when (0 - (1 + b)) + -3 is divided by 9.
8
Suppose 5*x - 18 = -4*g, 3*x = -2*g - 3 + 13. Suppose x*i = -3*i + 75. Let p(s) = s**2 - 3*s + 1. What is the remainder when p(7) is divided by i?
14
Suppose -90 = -2*n - 3*n. Suppose -5*s + 228 = -s - 5*y, -2*s + 88 = 4*y. Calculate the remainder when s is divided by n.
16
Suppose w + 0*w + 7 = 4*b, b - 4*w + 17 = 0. What is the remainder when b is divided by 3?
0
Let s = 14 + 2. What is the remainder when s/(-4) + 4 - -5 is divided by 4?
1
Let m(l) = 7*l**2 + 5*l + 2. Suppose -98 = -5*a - 8. What is the remainder when m(-3) is divided by a?
14
Let v = 515 + -267. Calculate the remainder when (v/(-10))/(2/(-5)) is divided by 16.
14
Let s(k) = 3*k + k - 8 - k - 2*k. Let h be s(6). What is the remainder when 3 is divided by (-9)/6*4/h?
0
Let y(b) = -b**2 - 5*b. Let n be y(-4). Suppose -5*i = 25, n*o + 0*i = i + 213. What is the remainder when o is divided by 18?
16
Let u(d) = -d**3 + 5*d**2 + 3*d - 2. Let r(b) = b**3 + 4*b**2 + 4. Let z be r(-4). Calculate the remainder when 75 is divided by u(z).
23
Suppose -8*s = 1 - 81. What is the remainder when 27 is divided by s?
7
Let z = -13 - -7. Let v(w) = w**2 + 2*w - 4. Suppose -6*f + 22 = -4*f. What is the remainder when v(z) is divided by f?
9
Let z be -2 + (-2)/(-2)*-82. Let g = -60 - z. Let k(q) = -5*q - 12. What is the remainder when g is divided by k(-5)?
11
Let n = -27 - -38. Suppose -148*s + 129*s = -608. What is the remainder when s is divided by n?
10
Let x(s) = -s**2 + 8*s + 11. What is the remainder when 20 is divided by x(8)?
9
Suppose -3 = -4*a + 1, 2*a = -2*g + 24. Calculate the remainder when 19 is divided by g.
8
Calculate the remainder when -265*(0 - 4/10) is divided by 36.
34
Let c = 27 + -19. Calculate the remainder when c is divided by 2.
0
Let w = 6 + 0. Let z(u) = u**3 - 5*u**2 - 4*u - 3. Calculate the remainder when 4/(-10) + 174/10 is divided by z(w).
8
Suppose -2*y = 4*m - 269 - 93, -3*y = 9. What is the remainder when m is divided by 31?
30
Suppose t = -4, 56 = w + w - 3*t. Suppose -5*x - 79 = -4*l, 0*x - 1 = -x. Let i = l - 13. Calculate the remainder when w is divided by i.
6
Suppose 710 = 15*u - 10*u. What is the remainder when u is divided by 29?
26
Suppose 6*v = -3*p + 5*v + 10, 0 = p + 5*v + 6. Suppose -2*o + 20 = -2*w, 2 = 4*o + w - 18. What is the remainder when o is divided by p?
2
Suppose -3*k = -g - 223, 4*g + 333 + 48 = 5*k. Let p = -41 + k. Suppose 21 + 34 = 5*n. Calculate the remainder when p is divided by n.
10
Let l(j) = 3*j**2 + 1. Suppose -a - 4*a = 5. Let o be l(a). Let m = o - -3. Calculate the remainder when m is divided by 3.
1
Suppose -41 = -5*n + m, -3*n = -0*m - 3*m - 27. Calculate the remainder when 103 is divided by n.
7
Let h(k) = -1 - 8*k + 60*k**2 + 8*k. Let g be h(-1). Let j = g - 18. Calculate the remainder when j is divided by 14.
13
Let u(d) = d**2 + 4*d + 8. Suppose g - 7 - 3 = 0. Suppose 0 = -5*z - t + g, -4*z + 5*t + 32 = -5. What is the remainder when u(-4) is divided by z?
2
Let i(f) = -f**2 - 26*f + 100. What is the remainder when 16 is divided by i(-29)?
3
Let d(z) = 5*z + 8. Let h be d(-7). Calculate the remainder when h/(-2) + 6/4 is divided by 6.
3
Suppose -14 = -4*u + 42. What is the remainder when 26 is divided by u?
12
Suppose 6 + 3 = 3*o, -2*t + 33 = -o. Calculate the remainder when 52 is divided by t.
16
Suppose -2*m - 60 = -276. What is the remainder when m is divided by 23?
16
Let u = -132 - -143. What is the remainder when 13 is divided by u?
2
Calculate the remainder when 37 is divided by 29/4 + (-6)/(-8)*1.
5
What is the remainder when 208 is divided by 9*(-1)/(-3)*(9 - -1)?
28
Suppose 5*j + 9 = -4*v, 0 = j - 1 + 6. Suppose -d = -3*s + 6, d - 9 = -v*s + 2*d. Calculate the remainder when 8 is divided by s.
2
Let x(r) = 4*r + 0*r + 4*r - r**2. Suppose v - 2*t - 2*t - 45 = 0, -2*v + 50 = 2*t. What is the remainder when v is divided by x(5)?
14
Suppose 0 = -4*r + 3*u + 68, -2*r + r + 2 = 3*u. Suppose 21*n - 16*n = 40. Calculate the remainder when r is divided by n.
6
Suppose 0 = -8*j + 4*j + 80. What is the remainder when 76 is divided by j?
16
Calculate the remainder when 7 is divided by ((-20)/6)/(10/(-15)).
2
Let u = 0 - 1. Let f(v) be the third derivative of 7*v**5/60 + v**4/24 + v**3/6 + v**2. What is the remainder when f(u) is divided by 3?
1
Suppose -3*t + 10 = -8*t. What is the remainder when (-4)/(-1*t/(-8)) is divided by 6?
4
Suppose -4*q = 4*b - 12, 2*q + 6 = 4*q - b. Calculate the remainder when 10 is divided by q.
1
What is the remainder when (1 + -8)*(-2)/1 is divided by 7?
0
Suppose -2*y - 155 + 183 = 0. Let a(j) be the first derivative of -7*j**4/4 + j - 1. What is the remainder when y is divided by a(-1)?
6
Suppose 4*d - 41 = 15. Suppose 3*i + i - 108 = 0. Calculate the remainder when i is divided by d.
13
Suppose -28 = 2*x - 106. What is the remainder when x is divided by 11?
6
Suppose -4*b + 84 = 2*k + 2*k, 4*b + 150 = 5*k. Calculate the remainder when k is divided by 15.
11
Let c = 7 + 1. Calculate the remainder when 15 is divided by c.
7
Suppose -3*u + u + 28 = 0. Calculate the remainder when u is divided by (-104)/(-12) + 4/(-6).
6
What is the remainder when 27 is divided by 11*1 + 5 + -1?
12
Suppose 2*a - 5*a - 9 = 0, -9 = k + 4*a. What is the remainder when 7 is divided by k?
1
Let b(l) be the second derivative of -l**5/20 + l**4/12 + l**3/6 + 17*l**2 + l. Let m = -83 - -101. Calculate the remainder when b(0) is divided by m.
16
Let p = 194 - 127. Calculate the remainder when p is divided by 34.
33
Suppose 3*n - 2 = 4*h + 2*n, 5*h - 4 = -2*n. Suppose 2*g - 2*c = -2*g + 42, -3*g - 2*c = -42. What is the remainder when 2 + h + 22 - 2 is divided by g?
10
Let p(u) = -4*u**3 - 5*u**2 + 11*u - 6. Let x(h) = 5*h**3 + h - 2*h - 4*h**3. Let t(j) = p(j) + 5*x(j). Calculate the remainder when t(4) is divided by 2.
0
Let h(v) = v**3 - 7*v**2 + 14*v. Calculate the remainder when h(5) is divided by 11.
9
Let b(o) = 5*o - 38. Calculate the remainder when b(10) is divided by 5.
2
Let n(l) = -l**3 - 9*l**2 + 7*l + 10. Let m be n(-10). Suppose 5*p - m = 3*s - 5*s, p = -s + 20. Calculate the remainder when 57 is divided by s.
17
Let a = 3 - 0. Suppose -3 = -2*y + 3*s, 4 = s + a*s. What is the remainder when y is divided by 2?
1
Suppose 1 = -a + 5. Suppose 5*h - 415 = -u - a*u, 3*h = -2*u + 245. Calculate the remainder when h is divided by 27.
25
Let t = 81 + -58. What is the remainder when t is divided by 7?
2
Let u = 0 - 0. Suppose 37 = k - u. What is the remainder when k is divided by 13?
11
Let i(q) = -q**3 - 3*q**2 + 3*q + 1. Let h be i(-2). Let g = h - -24. What is the remainder when g is divided by 8?
7
Suppose 4*a + 9 = q, 0*q + 5*a = q - 11. Let x = 2 - q. Calculate the remainder when (-6)/(-8) + (-11)/(-44) is divided by x.
0
Let d(v) = v - 2. Let z be d(6). Suppose -4*k + q + 26 = -4*q, -8 = -z*q. What is the remainder when 25 is divided by k?
7
What is the remainder when 5/(2 + 18/(-10)) is divided by 7?
4
Suppose 0 = 2*p + 6 - 30. What is the remainder when 33 is divided by p?
9
What is the remainder when 34 is divided by 5 + -5 - (-9 - 3)?
10
What is the remainder when 84 is divided by (6/3)/((-7)/((-154)/4))?
7
Suppose 2*o - 11 = 41. Calculate the remainder when 103 is divided by o.
25
Let p be 6/6 + (-4)/1. Let z = 6 - -2. What is the remainder when 1/(-3) + (-46)/p is divided by z?
7
Suppose -y + 1 = -3. Suppose -4 = y*k - 5*k. Suppose -k*u - 3*a = -53 - 6, 2*a = u - 1. What is the remainder when 31 is divided by u?
9
Let m = 3 - -1. What is the remainder when (-2)/8 + 45/4 is divided by m?
3
Suppose 30 = 5*k - 2*a, 44 = 3*k + 5*a - 5. Suppose -2*g = -6 - k. What is the remainder when 27 is divided by g?
6
Suppose 30*c - 33*c + 429 = 0. Calculate the remainder when c is divided by 12.
11
Suppose -3*v + 8 = 2*v + 4*y, 0 = -5*y - 15. Suppose -72 = k - v*k. Suppose 3*o = o + k. What is the remainder when 34 is divided by o?
10
Suppose -3*v = 2*v - 60. Let i(m) = -m**3 - 12*m**2 - 17*m - 19. What is the remainder when i(-11) is divided by v?
11
Let s be ((-472)/(-6))/((-2)/(-6)). Suppose 16*z = 14*z + 28. Calculate the remainder when s/9 + (-6)/27 is divided by z.
12
Let f = 4 - -7. Let g = -11 + 5. What is the remainder when g/(3 - (-23)/(-7)) is divide